{"id":11691,"date":"2020-06-25T23:12:25","date_gmt":"2020-06-25T20:12:25","guid":{"rendered":"http:\/\/www.cigdemim.org.tr\/?page_id=11691"},"modified":"2020-06-25T23:12:27","modified_gmt":"2020-06-25T20:12:27","slug":"kulturel-faaliyetler","status":"publish","type":"page","link":"https:\/\/www.cigdemim.org.tr\/?page_id=11691","title":{"rendered":"K\u00dcLT\u00dcREL FAAL\u0130YETLER"},"content":{"rendered":"\n<p>Mahalle sakinlerimizin k\u00fclt\u00fcrel a\u00e7\u0131dan geli\u015fimini sa\u011flayan ve bunu yaparken de kom\u015fuluk ili\u015fkilerini art\u0131ran \u00e7al\u0131\u015fmalar y\u00fcr\u00fct\u00fcyoruz.<\/p>\n\n\n\n<ul class=\"wp-block-list\"><li>Edebiyat Toplulu\u011fu<\/li><li>Sinema Toplulu\u011fu<\/li><li>K\u00fclt\u00fcrel ve turistlik ama\u00e7l\u0131 geziler<\/li><li>K\u00fclt\u00fcrel etkinliklere toplu kat\u0131l\u0131m<\/li><li>S\u00f6yle\u015filer<\/li><li>Semt K\u00fct\u00fcphanesi<\/li><li>M\u00fcze Gezileri<\/li><li>\u00c7i\u011fdem Kabare<\/li><li>Bri\u00e7 Toplulu\u011fu<\/li><li>Satran\u00e7 Toplulu\u011fu<\/li><\/ul>\n","protected":false},"excerpt":{"rendered":"<p>Mahalle sakinlerimizin k\u00fclt\u00fcrel a\u00e7\u0131dan geli\u015fimini sa\u011flayan ve bunu yaparken de kom\u015fuluk ili\u015fkilerini art\u0131ran \u00e7al\u0131\u015fmalar y\u00fcr\u00fct\u00fcyoruz. Edebiyat Toplulu\u011fu Sinema Toplulu\u011fu K\u00fclt\u00fcrel ve turistlik ama\u00e7l\u0131 geziler K\u00fclt\u00fcrel etkinliklere toplu kat\u0131l\u0131m S\u00f6yle\u015filer Semt K\u00fct\u00fcphanesi M\u00fcze Gezileri \u00c7i\u011fdem Kabare Bri\u00e7 Toplulu\u011fu Satran\u00e7 Toplulu\u011fu<\/p>\n","protected":false},"author":1,"featured_media":0,"parent":0,"menu_order":0,"comment_status":"closed","ping_status":"closed","template":"","meta":{"footnotes":""},"class_list":["post-11691","page","type-page","status-publish","hentry"],"_links":{"self":[{"href":"https:\/\/www.cigdemim.org.tr\/index.php?rest_route=\/wp\/v2\/pages\/11691","targetHints":{"allow":["GET"]}}],"collection":[{"href":"https:\/\/www.cigdemim.org.tr\/index.php?rest_route=\/wp\/v2\/pages"}],"about":[{"href":"https:\/\/www.cigdemim.org.tr\/index.php?rest_route=\/wp\/v2\/types\/page"}],"author":[{"embeddable":true,"href":"https:\/\/www.cigdemim.org.tr\/index.php?rest_route=\/wp\/v2\/users\/1"}],"replies":[{"embeddable":true,"href":"https:\/\/www.cigdemim.org.tr\/index.php?rest_route=%2Fwp%2Fv2%2Fcomments&post=11691"}],"version-history":[{"count":0,"href":"https:\/\/www.cigdemim.org.tr\/index.php?rest_route=\/wp\/v2\/pages\/11691\/revisions"}],"wp:attachment":[{"href":"https:\/\/www.cigdemim.org.tr\/index.php?rest_route=%2Fwp%2Fv2%2Fmedia&parent=11691"}],"curies":[{"name":"wp","href":"https:\/\/api.w.org\/{rel}","templated":true}]}}