{"id":13582,"date":"2021-03-25T19:54:17","date_gmt":"2021-03-25T16:54:17","guid":{"rendered":"https:\/\/www.cigdemim.org.tr\/?page_id=13582"},"modified":"2021-03-25T19:57:17","modified_gmt":"2021-03-25T16:57:17","slug":"sokak-hayvanlari-uzerine-dernegimizin-gorusu","status":"publish","type":"page","link":"https:\/\/www.cigdemim.org.tr\/?page_id=13582","title":{"rendered":"SOKAK HAYVANLARI \u00dcZER\u0130NE DERNE\u011e\u0130M\u0130Z\u0130N G\u00d6R\u00dc\u015e\u00dc"},"content":{"rendered":"\n<p>\u00c7i\u011fdemim Derne\u011fi, 10 Aral\u0131k 1948\u2019de Birle\u015fmi\u015f Milletler&nbsp; Genel Kurulu taraf\u0131ndan kabul edilen&nbsp; <strong>\u201c\u0130nsan Haklar\u0131 Evrensel Bildirgesini\u201d<\/strong>&nbsp; benimsedi\u011fi gibi 15 Ekim 1978\u2019de Birle\u015fmi\u015f Milletler E\u011fitim Bilim ve K\u00fclt\u00fcr \u00d6rg\u00fct\u00fc (UNESCO) taraf\u0131ndan Paris\u2019teki UNESCO Evinde resmen ilan edilen&nbsp; 14 maddelik <strong>\u201cHayvan Haklar\u0131 Evrensel Bildirgesi\u201d<\/strong>ni de ayn\u0131 i\u00e7tenlikle benimsemektedir.<\/p>\n\n\n\n<p>&nbsp;&nbsp; Bu \u00e7er\u00e7evede, semtimizdeki evcil hayvanlar ve sokak hayvanlar\u0131 \u00fczerine Derne\u011fimizin g\u00f6r\u00fc\u015f\u00fc \u015f\u00f6yledir:<\/p>\n\n\n\n<p>&nbsp;&nbsp; <strong>-\u0130nsan, hayvan, \u00e7evre sevgisi ve sayg\u0131s\u0131 bir b\u00fct\u00fcnd\u00fcr.<\/strong> Konutlarda evcil hayvan beslenmesinde tek s\u0131n\u0131r olarak, kom\u015fular\u0131n rahats\u0131z edilmemesi, hayvanlardan korkan \u00e7ocuk ve yeti\u015fkinlerin g\u00f6zetilmesi, sald\u0131rabilecek k\u00f6peklerin kontrol edilmesi ve sokaklara, kald\u0131r\u0131mlara, ye\u015fil alanlara vb. hayvan d\u0131\u015fk\u0131s\u0131 b\u0131rak\u0131lmamas\u0131n\u0131 g\u00f6r\u00fcyoruz. Yine sokak hayvanlar\u0131 i\u00e7in b\u0131rak\u0131lan yiyeceklerin kaplar\u0131n\u0131n ve yiyece\u011fin \u00fcst\u00fcne konuldu\u011fu ka\u011f\u0131t, naylon gibi malzemenin \u00e7evre ve g\u00f6r\u00fcnt\u00fc kirlili\u011fi yaratmayacak bi\u00e7imde, i\u015fi bitince ayn\u0131 ki\u015filerce al\u0131nmas\u0131 do\u011fru olacakt\u0131r.<\/p>\n\n\n\n<p>&nbsp;&nbsp; -Sokak k\u00f6pekleri, \u00f6zellikle geceleri semtimizde s\u00fcr\u00fcler halinde dola\u015fmakta, yiyecek ararken \u00e7\u00f6p po\u015fetlerini par\u00e7alamakta ve \u00e7evreye sa\u00e7maktad\u0131rlar. Ayr\u0131ca bu hayvanlar insanlara da sald\u0131rabilmektedir. Mahallemizde geceleri g\u00fcvenli bir gezi yapmak m\u00fcmk\u00fcn de\u011fildir. \u00d6zellikle kad\u0131nlardan bu konuda yo\u011fun yak\u0131nmalar i\u015fitilmektedir. <strong>Sahipsiz sokak hayvanlar\u0131n\u0131n kamu kurulu\u015flar\u0131nca toplan\u0131p \u00f6ld\u00fcr\u00fclmelerini ya da bireylerce zehirlenmelerini k\u0131n\u0131yoruz.<\/strong> K\u00f6pek t\u00fcr\u00fc insano\u011flu taraf\u0131ndan evcille\u015ftirilmi\u015ftir. Dolay\u0131s\u0131yla onlardan biz sorumluyuz. Ya\u015fam\u0131n en \u00fcst\u00fcn t\u00fcr\u00fc olan insan\u0131n, en vah\u015fi y\u00f6ntemi kullanarak sorun \u00e7\u00f6zmesi d\u00fc\u015f\u00fcn\u00fclemez ve onaylanamaz. Sokak hayvanlar\u0131n\u0131n belediyelerce toplan\u0131p, isteyen ki\u015filere verilmesi, kalanlar\u0131n\u0131n da a\u015f\u0131r\u0131 \u00fcremelerinin \u00f6n\u00fcne ge\u00e7mek amac\u0131yla k\u0131s\u0131rla\u015ft\u0131r\u0131lmas\u0131 ve say\u0131lar\u0131n\u0131n bu yolla denetlenmesi en uygar \u00e7\u00f6z\u00fcmd\u00fcr.<\/p>\n\n\n\n<p>&nbsp;&nbsp; -K\u00f6pek <strong>bak\u0131mevlerinin i\u015fletilmesi ve sokaklardan k\u00f6pek toplamak san\u0131ld\u0131\u011f\u0131 kadar b\u00fcy\u00fck bir sorun ve maliyet de\u011fildir.<\/strong> Binlerce ki\u015fi \u00e7al\u0131\u015ft\u0131ran il\u00e7e ve b\u00fcy\u00fck\u015fehir belediyelerinin her bir k\u00f6pek bak\u0131mevi i\u00e7in 10 civar\u0131nda uzman ve bak\u0131c\u0131 g\u00f6revli ile birka\u00e7 arac\u0131 bu i\u015fe ay\u0131rmalar\u0131 yeterli olacakt\u0131r.&nbsp; <strong>En \u00f6nemli maliyet yiyecek sa\u011flanmas\u0131 gibi g\u00f6r\u00fcnmektedir. Bu da san\u0131ld\u0131\u011f\u0131 gibi bir sorun ve maliyet unsuru de\u011fildir.<\/strong> Kamu kurulu\u015flar\u0131, \u00fcniversiteler ve ba\u011fl\u0131 okullar, \u00f6zel okullar vb. yemekhanelerinde ciddi miktarlarda yiyecek \u00e7\u00f6pe at\u0131lmaktad\u0131r. Belediyelerin bir-iki arac\u0131 her g\u00fcn bu yiyecekleri almakla g\u00f6revlendirilebilir. Yine Sakarya Caddesindeki ve \u00f6teki bal\u0131k sat\u0131c\u0131lar\u0131nda temizlenen bal\u0131klardan kalan y\u00fczlerce kilo bal\u0131k ba\u015f\u0131 ve k\u0131l\u00e7\u0131\u011f\u0131 da bu yolda toplan\u0131p beslenmede de\u011ferlendirilebilir.<\/p>\n\n\n\n<p>&nbsp;&nbsp; <strong>Mahallemizde de belirli b\u00f6lgelerde sokak hayvanlar\u0131n\u0131n beslenece\u011fi alanlar olu\u015fturulmal\u0131d\u0131r.<\/strong> Hayvanlar\u0131 beslemek isteyenler buralarda onlara besin verebilmelidirler. Bunun d\u0131\u015f\u0131nda yerlerde hayvanlar\u0131 beslemenin \u00f6n\u00fcne ge\u00e7ilmelidir. Hayvanseverlerin Derne\u011fimizle i\u015fbirli\u011fi yaparak bu konuda birlikte \u00e7al\u0131\u015fmalar y\u00fcr\u00fctmesini bekliyoruz. Hayvan besleme konusunda mahallemizdeki okullardan yard\u0131m alabiliriz.<\/p>\n\n\n\n<p>&nbsp;&nbsp; Konuyla ilgilenenleri Derne\u011fimize bekliyoruz.<\/p>\n","protected":false},"excerpt":{"rendered":"<p>\u00c7i\u011fdemim Derne\u011fi, 10 Aral\u0131k 1948\u2019de Birle\u015fmi\u015f Milletler&nbsp; Genel Kurulu taraf\u0131ndan kabul edilen&nbsp; \u201c\u0130nsan Haklar\u0131 Evrensel Bildirgesini\u201d&nbsp; benimsedi\u011fi gibi 15 Ekim 1978\u2019de Birle\u015fmi\u015f Milletler E\u011fitim Bilim ve K\u00fclt\u00fcr \u00d6rg\u00fct\u00fc (UNESCO) taraf\u0131ndan Paris\u2019teki UNESCO Evinde resmen ilan edilen&nbsp; 14 maddelik \u201cHayvan Haklar\u0131 Evrensel Bildirgesi\u201dni de ayn\u0131 i\u00e7tenlikle benimsemektedir. &nbsp;&nbsp; Bu \u00e7er\u00e7evede, semtimizdeki evcil hayvanlar ve sokak hayvanlar\u0131 [&hellip;]<\/p>\n","protected":false},"author":1,"featured_media":0,"parent":0,"menu_order":0,"comment_status":"closed","ping_status":"closed","template":"","meta":{"footnotes":""},"class_list":["post-13582","page","type-page","status-publish","hentry"],"_links":{"self":[{"href":"https:\/\/www.cigdemim.org.tr\/index.php?rest_route=\/wp\/v2\/pages\/13582","targetHints":{"allow":["GET"]}}],"collection":[{"href":"https:\/\/www.cigdemim.org.tr\/index.php?rest_route=\/wp\/v2\/pages"}],"about":[{"href":"https:\/\/www.cigdemim.org.tr\/index.php?rest_route=\/wp\/v2\/types\/page"}],"author":[{"embeddable":true,"href":"https:\/\/www.cigdemim.org.tr\/index.php?rest_route=\/wp\/v2\/users\/1"}],"replies":[{"embeddable":true,"href":"https:\/\/www.cigdemim.org.tr\/index.php?rest_route=%2Fwp%2Fv2%2Fcomments&post=13582"}],"version-history":[{"count":0,"href":"https:\/\/www.cigdemim.org.tr\/index.php?rest_route=\/wp\/v2\/pages\/13582\/revisions"}],"wp:attachment":[{"href":"https:\/\/www.cigdemim.org.tr\/index.php?rest_route=%2Fwp%2Fv2%2Fmedia&parent=13582"}],"curies":[{"name":"wp","href":"https:\/\/api.w.org\/{rel}","templated":true}]}}